1102?
1
What is the ten thousands digit of 716218964?
1
What is the units digit of 1355365?
5
What is the millions digit of 609015464?
9
What is the hundred thousands digit of 243518248?
5
What is the hundred thousands digit of 1209833071?
8
What is the millions digit of 38766307?
8
What is the hundred millions digit of 285117466?
2
What is the hundreds digit of 349700039?
0
What is the hundred millions digit of 2628566487?
6
What is the hundred millions digit of 1675685945?
6
What is the ten millions digit of 44042514?
4
What is the tens digit of 488870549?
4
What is the hundred thousands digit of 59414112?
4
What is the hundred millions digit of 3516825420?
5
What is the millions digit of 861239317?
1
What is the hundreds digit of 148494800?
8
What is the hundreds digit of 775114417?
4
What is the units digit of 68187403?
3
What is the ten thousands digit of 338095801?
9
What is the millions digit of 1707530046?
7
What is the thousands digit of 73063861?
3
What is the hundred thousands digit of 80250374?
2
What is the millions digit of 35510152?
5
What is the hundred millions digit of 150447315?
1
What is the ten millions digit of 2160667896?
6
What is the units digit of 1547587726?
6
What is the hundreds digit of 53978995?
9
What is the millions digit of 1680375336?
0
What is the ten millions digit of 1427435575?
2
What is the hundred millions digit of 1023380907?
0
What is the tens digit of 41675216?
1
What is the thousands digit of 466005070?
5
What is the ten thousands digit of 869965053?
6
What is the units digit of 352315740?
0
What is the hundred thousands digit of 154039065?
0
What is the hundred thousands digit of 399256473?
2
What is the ten thousands digit of 64208356?
0
What is the units digit of 4688669?
9
What is the tens digit of 2227510264?
6
What is the thousands digit of 1656715237?
5
What is the units digit of 13703438?
8
What is the hundred thousands digit of 15073034?
0
What is the tens digit of 1280943168?
6
What is the units digit of 282845864?
4
What is the tens digit of 1878154180?
8
What is the hundred thousands digit of 1911268526?
2
What is the thousands digit of 10352246?
2
What is the millions digit of 111667234?
1
What is the hundreds digit of 17817475?
4
What is the ten thousands digit of 234829073?
2
What is the thousands digit of 619841290?
1
What is the hundred thousands digit of 7503720810?
7
What is the hundred millions digit of 367310303?
3
What is the millions digit of 386711634?
6
What is the units digit of 825917145?
5
What is the hundred thousands digit of 177586107?
5
What is the thousands digit of 6799285?
9
What is the thousands digit of 633651578?
1
What is the hundred thousands digit of 85098334?
0
What is the ten thousands digit of 531619286?
1
What is the millions digit of 1197409771?
7
What is the thousands digit of 610292424?
2
What is the hundred millions digit of 243951305?
2
What is the thousands digit of 450333962?
3
What is the millions digit of 45974986?
5
What is the units digit of 1340966466?
6
What is the tens digit of 1333244705?
0
What is the hundreds digit of 53778311?
3
What is the thousands digit of 1479165755?
5
What is the hundreds digit of 16211929?
9
What is the thousands digit of 1548133?
8
What is the ten thousands digit of 6303390254?
9
What is the tens digit of 184322887?
8
What is the hundred thousands digit of 1828535094?
5
What is the ten thousands digit of 360450494?
5
What is the thousands digit of 675295146?
5
What is the hundred millions digit of 202007096?
2
What is the units digit of 57318733?
3
What is the hundreds digit of 181612660?
6
What is the units digit of 1921139805?
5
What is the hundred millions digit of 187213376?
1
What is the hundreds digit of 12624725?
7
What is the units digit of 76134009?
9
What is the tens digit of 71684793?
9
What is the thousands digit of 422438506?
8
What is the millions digit of 9919240?
9
What is the tens digit of 2367647339?
3
What is the tens digit of 1456704037?
3
What is the millions digit of 355080758?
5
What is the hundreds digit of 112698165?
1
What is the hundred millions digit of 171124341?
1
What is the hundred thousands digit of 2477825071?
8
What is the hundreds digit of 362935507?
5
What is the hundred thousands digit of 220174954?
1
What is the ten thousands digit of 94754120?
5
What is the millions digit of 1091526383?
1
What is the hundred thousands digit of 1736778857?
7
What is the tens digit of 96214316?
1
What is the hundred millions digit of 2902078468?
9
What is the tens digit of 1388692106?
0
What is the units digit of 1087453978?
8
What is the tens digit of 31372845?
4
What is the hundreds digit of 47997863?
8
What is the thousands digit of 549120033?
0
What is the ten millions digit of 55750231?
5
What is the thousands digit of 6007675134?
5
What is the hundred millions digit of 615870089?
6
What is the hundred millions digit of 1513645508?
5
What is the billions digit of 3295319217?
3
What is the ten millions digit of 62217328?
6
What is the millions digit of 3079156120?
9
What is the hundred thousands digit of 3206340230?
3
What is the hundred millions digit of 404568331?
4
What is the millions digit of 3759932000?
9
What is the tens digit of 1464701058?
5
What is the thousands digit of 310109055?
9
What is the ten millions digit of 1523569288?
2
What is the hundreds digit of 613278366?
3
What is the units digit of 2846488318?
8
What is the ten millions digit of 2414862192?
1
What is the thousands digit of 4394195?
4
What is the hundreds digit of 75890725?
7
What is the units digit of 397172110?
0
What is the ten millions digit of 29678824?
2
What is the hundred millions digit of 352386140?
3
What is the units digit of 1571717669?
9
What is the hundred thousands digit of 3236184864?
1
What is the millions digit of 4423492583?
3
What is the units digit of 372114760?
0
What is the units digit of 2130010607?
7
What is the millions digit of 595053180?
5
What is the units digit of 3246539376?
6
What is the hundred thousands digit of 419130120?
1
What is the hundred thousands digit of 25064898?
0
What is the units digit of 3650032797?
7
What is the thousands digit of 47861500?
1
What is the units digit of 28780826?
6
What is the units digit of 78437956?
6
What is the thousands digit of 3388528?
8
What is the thousands digit of 102799808?
9
What is the hundred thousands digit of 29741574?
7
What is the hundreds digit of 53709079?
0
What is the hundreds digit of 38119494?
4
What is the millions digit of 591648097?
1
What is the tens digit of 2388827758?
5
What is the hundred millions digit of 437665141?
4
What is the thousands digit of 23519601?
9
What is the ten millions digit of 11765756?
1
What is the tens digit of 330652407?
0
What is the tens digit of 44458591?
9
What is the ten thousands digit of 660419579?
1
What is the hundred thousands digit of 54559649?
5
What is the hundred thousands digit of 6622727210?
7
What is the hundreds digit of 397735465?
4
What is the ten millions digit of 114029581?
1
What is the units digit of 915080062?
2
What is the hundred thousands digit of 4222875507?
8
What is the thousands digit of 66846594?
6
What is the tens digit of 6709691?
9
What is the units digit of 2737613717?
7
What is the units digit of 468402563?
3
What is the tens digit of 137538868?
6
What is the hundred thousands digit of 129827423?
8
What is the hundred thousands digit of 505418040?
4
What is the hundreds digit of 116668404?
4
What is the billions digit of 2942998676?
2
What is the tens digit of 407995957?
5
What is the ten thousands digit of 232005895?
0
What is the thousands digit of 32969965?
9
What is the hundred millions digit of 538228151?
5
What is the ten millions digit of 61452441?
6
What is the thousands digit of 28287499?
7
What is the hundred millions digit of 104171224?
1
What is the hundreds digit of 3974584?
5
What is the millions digit of 23560269?
3
What is the units digit of 193412952?
2
What is the units digit of 1635726?
6
What is the hundred millions digit of 2225534167?
2
What is the hundreds digit of 46212595?
5
What is the millions digit of 73929075?
3
What is the tens digit of 560390625?
2
What is the thousands digit of 53687838?
7
What is the units digit of 14958